2 - 393916. What are the prime factors of w?
17, 1321
Suppose 15194*i - 15135*i - 1870595 = 0. What are the prime factors of i?
5, 17, 373
Let c(v) = 18*v**2 + v. Let k(b) = -2*b + 23. Let n(w) = -6*w + 69. Let z(d) = 8*k(d) - 3*n(d). Let f be z(12). List the prime factors of c(f).
19
Let o be (5 + 1)*3*2/12. Suppose 2*l + 1 = -o*b - 3, 0 = -l + b - 2. List the prime factors of 7*(-2 + (-8)/l).
2, 7
Suppose -5*k = 3*y - 1937, 4*y + 2*k - 112 = 2480. What are the prime factors of y?
11, 59
Suppose -1004*l + 934*l = -1406160. What are the prime factors of l?
2, 3, 31
Let b be (-3)/18*-4 + (-266)/(-6). Let m be 1/6*2 - 1410/b. What are the prime factors of 7 + -5 - (-1 + m + -2)?
2, 3
Suppose 45*v + q = 44*v + 10277, 3*v - q - 30803 = 0. List the prime factors of v.
2, 5, 13, 79
Let y(k) = -11*k**2 + 41*k - 56. Let v be y(13). Let q = v - -2047. List the prime factors of q.
5, 7, 19
Suppose -4*d + 5*u = 3, 0*u - u = 3*d + 7. List the prime factors of d/((-9)/(180/(-8))) - -53.
2, 3
Suppose 0 = 4*p - 4*w - 214768, 0 = p + w - 21286 - 32418. List the prime factors of p.
2, 26849
Let v(q) = 24*q - 24. Let b be 4/(-34) - (-312)/51. Let n be v(b). Suppose -115*w - 325 = -n*w. List the prime factors of w.
5, 13
Suppose 0 = 3*h + 3*w - 28545, 637*h = 640*h - 5*w - 28593. List the prime factors of h.
9521
Let w(b) = -792*b - 215. Let k be w(-7). Suppose -k = -5*n - 1319. What are the prime factors of n?
2, 401
Let t(j) = -14*j**2 + j + 1. Let r be t(3). Let g = r + 125. List the prime factors of ((-72)/(-28))/(g/224).
2, 3
Suppose 7*s - 66 = 137. Suppose s*r - 24*r = 2190. List the prime factors of r.
2, 3, 73
Let d be (((-104)/(-6))/4)/((-4)/72). Let r be (2 - d/(-42)) + (-34)/(-7). What are the prime factors of r/((-25)/5) - -173?
2, 43
Let o = 1 + 2. Let v be 0/((28/21)/((-4)/3)). Suppose v = -2*z + 2*p + 548, -5*z + 0*z + 1394 = o*p. List the prime factors of z.
277
Let i(r) = -2*r + 10. Let w be i(5). Suppose -b = -w*b - 39. Let c = b - -84. List the prime factors of c.
3, 41
Suppose -6*m + 334486 = 52*m. List the prime factors of m.
73, 79
List the prime factors of (-3 + -2)/15 + (-32)/12 - -12154.
29, 419
Suppose o - 3*n + 2*n - 11 = 0, 0 = 3*o + 5*n + 7. Suppose 3 = -o*f + 3*f. List the prime factors of -1*147/(-3) - f.
2, 5
Suppose 0 = 17*f - 15*f. Suppose 3*o = 4*k - 57, 5*k = -f*k - 4*o + 79. List the prime factors of (-404)/(-12) - (-5)/k.
2, 17
Suppose 3*t = -4*b + 85, -t - 2*t - 48 = -3*b. Suppose -11*h + 3 + b = 0. What are the prime factors of h*(-1662)/(-24) - 1/2?
2, 3, 23
Suppose 529510 = 1054*g - 1044*g. List the prime factors of g.
52951
List the prime factors of (-8228)/(-33) + (-56)/42.
2, 31
Suppose -3*f - 18184 = -2*k + 54739, -3*k - 2*f = -109404. What are the prime factors of k?
2, 18233
Suppose 10 = 7*y - 4. Suppose y*f = 3*q - 8*q + 1800, 2*q - 739 = 3*f. List the prime factors of q.
2, 181
Suppose 2*o - 144252 - 56488 = -4*m, -4*m = 3*o - 200738. List the prime factors of m.
2, 23, 1091
Let h be 4/18 - ((-3616)/36)/(-2). Let w = h - -228. Suppose 2*b + 178 = 3*b + y, -b + y + w = 0. What are the prime factors of b?
2, 89
Let w(n) = -n**2 - 7*n - 2. Let s be w(-10). Let q be s/(-56) - (-117)/(-21). List the prime factors of (0 + q/((-75)/(-6)))*-275.
2, 5, 11
Let b(z) be the first derivative of z**3 - 4*z**2 - 2*z + 3. Let g be b(3). List the prime factors of -89*(-5)/(6 - g).
89
Let q be 105*((-160)/(-5))/8. Suppose -j - 2*b + q = 0, j - 271 = 2*b + 141. List the prime factors of j.
2, 13
Suppose -65*a + 167 + 59 = 48*a. Let h = 9 + -2. Suppose -h = -a*v + 97. What are the prime factors of v?
2, 13
Suppose 26*r + 1556 = -20258. Let h = 1893 + r. List the prime factors of h.
2, 17, 31
Suppose 58*h - 8300 = 53*h. Suppose -49*t - h = -54*t. What are the prime factors of t?
2, 83
Suppose 3*s - 54 = 13*c - 16*c, 0 = 4*c - 16. Suppose 15*g = s*g + 269. What are the prime factors of g?
269
Let n(i) = 353*i**2 - 266*i. What are the prime factors of n(3)?
3, 13, 61
What are the prime factors of (-8)/28 + (-1 - (-3043755)/77) - -4?
2, 9883
Suppose 4048*w - 629068 = 4019*w. What are the prime factors of w?
2, 11, 17, 29
Suppose 45*y - 43*y = -3*c + 37045, 0 = -y + c + 18510. What are the prime factors of y?
5, 7, 23
Let j(t) = 9*t**2 - 10*t - 24. Let f be j(-8). Suppose -4*b + 9*b = 0, 0 = -4*r + 5*b + f. List the prime factors of r.
2, 79
Suppose -k + 3*w - 527 = -3214, w = 3*k - 8045. List the prime factors of k.
7, 383
Let g(n) = -n**3 - 4*n**2 + 2*n + 5. Let t be g(-4). List the prime factors of (-3 + 2)/(t/429 - 0).
11, 13
Suppose -6*b - 60 = -36. What are the prime factors of 2*b*1*(-2538)/144?
3, 47
Suppose 0 = 10*g - 49 - 1. List the prime factors of g/(-3) + 1 - (-359936)/444.
2, 3, 5
What are the prime factors of (34/(-4))/(6/(-36324))?
3, 17, 1009
Let n(c) = 8*c + 63. Let p be 507/18 + 0 - (-1)/(-6). Suppose 0 = 3*l - 7*l - p. What are the prime factors of n(l)?
7
List the prime factors of (-4)/74 - 24248154/(-3774).
5, 257
Let v be -6 + (-60)/(-2 + -1). Let d(h) = 2*h**2 - 20*h - 24. What are the prime factors of d(v)?
2, 11
Suppose -50*b - 29919 = -54*b - 5*x, -4*x + 37392 = 5*b. What are the prime factors of b?
2, 3, 7, 89
Suppose 0 = 4*v + 5*n - 100147, -197*n + 125186 = 5*v - 193*n. What are the prime factors of v?
2, 3, 13, 107
Let n = -323 - -323. Suppose -m + 325 = 5*a, 2*m - 3*a + 69 - 758 = n. List the prime factors of m.
2, 5, 17
Let m(r) = 3*r**2 - 27*r + 7. Let g be m(4). Let n = g + 1411. What are the prime factors of n?
2, 7, 97
Suppose -155*o + 156*o = 4*h + 12817, -2*o = -h - 25669. List the prime factors of o.
3, 11, 389
Let a be (-255)/(-204)*24/10. Let z be (-1)/(-2) + 927/6. Suppose a*c + f = 172 + z, -4*c + 4*f + 436 = 0. List the prime factors of c.
109
Let r(q) = q - 4. Let t be r(10). Suppose -7*w + 10*w = t. List the prime factors of 321*(w + -4)/(-6).
107
Suppose 34 - 166 = -4*x. Suppose 3*o = 15 + x. Let y = o - -90. List the prime factors of y.
2, 53
Suppose -7*z = 3013 + 1012. Let k = 1049 + z. What are the prime factors of k?
2, 3, 79
Let z = 37229 + -29075. What are the prime factors of z?
2, 3, 151
Let z(g) = 5*g + 33. Let u(n) = -2*n + 1. Let j = -151 + 152. Let q(v) = j*z(v) + 3*u(v). List the prime factors of q(0).
2, 3
Let k(y) = -12*y - 38. Suppose -12*s = -8*s. Suppose 3*m = -s*m - 42. List the prime factors of k(m).
2, 5, 13
Suppose 19*k = 17*k + 10. Suppose k*p - 2*t - 910 = 0, -2*t + 0*t = 3*p - 530. Suppose 111*s - 115*s = -p. What are the prime factors of s?
3, 5
Let q be 428/4*-1 - (7 + -5). Suppose 0 = -5*j + 24 + 671. Let s = q + j. List the prime factors of s.
2, 3, 5
Suppose -3*f - 2*f = -88*f + 415. Suppose -h - 4*h + 400 = 0. Suppose -d - h = -f*d. What are the prime factors of d?
2, 5
Let q(l) be the third derivative of -l**6/120 - l**5/15 - 5*l**4/8 - 49*l**3/6 + 2*l**2 + 22*l. What are the prime factors of q(-10)?
701
Let q(y) = -8*y**2 - 12*y + 22. Let p(z) = 8*z**2 + 12*z - 23. Let j(x) = 4*p(x) + 3*q(x). What are the prime factors of j(5)?
2, 3, 13
Let a(f) be the first derivative of f**4/4 + 11*f**3/3 - 11*f**2/2 + 7*f + 26. Let k be a(-12). Let t = k + 64. List the prime factors of t.
59
Let w = 49 - 51. Let h be (w + 3/6)/((-6)/16). Suppose -h*n + 7*n = 276. What are the prime factors of n?
2, 23
Let o = -47214 - -73928. What are the prime factors of o?
2, 19, 37
Suppose 4*o - 8 = 0, -2*s - 5*o + 57958 + 726 = 0. List the prime factors of s.
3, 7, 11, 127
Let b(v) = 2*v + 11. Let x(s) = 2*s**2 - 5*s + 4. Let f be x(2). Suppose -f*g + 3 = -5. What are the prime factors of b(g)?
19
List the prime factors of 39/(-6)*(-1546 + 11 - -3).
2, 13, 383
Let i = 29928 - -8531. List the prime factors of i.
38459
Let p be 8/16*2/(-6)*0. Suppose p = r + 4*r - 5*k - 1020, 4*r - k = 807. List the prime factors of r.
3, 67
Suppose -11 = -8*p + 5. Suppose 4*c - 174 + 810 = 2*o, -5*c - 632 = -p*o. What are the prime factors of o?
2, 163
Suppose 14*j + 157275 = 41*j. What are the prime factors of j?
5, 233
Let q(x) be the second derivative of -15*x - x**3 + 0 + 19/2*x**2. List the prime factors of q(-11).
5, 17
Let f(y) be the second derivative of -y**5/120 + 17*y**4/24 - 3*y**3 + 11*y. Let g(w) be the second derivative of f(w). List the prime factors of g(6).
11
What are the prime